et n = u - 80. Is n composite?
True
Suppose 21 = 6*t - 9. Suppose 5*i + 0*h = 4*h + 310, -2*i + 141 = -t*h. Is i a composite number?
True
Let k = -217 + 106. Let s = k - -242. Is s a composite number?
False
Suppose -20 = -5*m, -5*m + 51 + 3 = 2*i. Suppose -g + 76 = i. Is g a composite number?
False
Suppose 0 = 251*q - 258*q + 19761. Is q prime?
False
Suppose -p = -4*p + 21408. Suppose -5*q - i = -2*i - 17853, -3*i = -2*q + p. Is q a composite number?
False
Let h = -291 + 498. Let a = h + -802. Let c = a - -846. Is c prime?
True
Let c(t) = 133*t - 21. Let i be c(4). Let b = -44 + i. Is b a composite number?
False
Let c be (-279)/(-39) + (-12)/78. Let l(q) = -q**3 + 8*q**2 - 9*q - 6. Let u be l(c). Let s = u - -41. Is s composite?
True
Let x(l) = -l**3 + 15*l**2 + 12*l. Let f(o) = -o**3 + 14*o**2 + 12*o + 1. Let q(m) = -3*f(m) + 2*x(m). Is q(13) a composite number?
True
Suppose 3*w - 4*a - 43 = 0, 0 = 3*w + 3*a + 2*a - 34. Let m = w - -123. Let d = -59 + m. Is d prime?
False
Let j be 2 + 0*4/12. Let z(h) = 98*h**3 + h**2 + 6*h - 3. Is z(j) a composite number?
False
Suppose -2*s + 3 = -5*y, -4*y + 1 = -s + y. Let a = -5 + s. Let f(o) = -11*o - 2. Is f(a) prime?
False
Suppose 7 = 2*n + 3. Suppose -2*y = -3*c - 238, 0 = -5*y - n*c - 3*c + 595. Is y a composite number?
True
Suppose 0*j + 16 = 8*j. Is (7045/(-15)*-3)/(j + -1) a composite number?
False
Let i = 36426 - 12457. Is i composite?
True
Suppose 0 = 9*n - 1141 + 538. Is n composite?
False
Let k(f) = 232*f**2 + 18*f + 3. Is k(-4) composite?
False
Suppose -5*k + 2835 = -5270. Is k composite?
False
Suppose -3*d + 12 = -15. Let t = 5 - d. Is t/2*(-33)/2 prime?
False
Let m be 6*(-2)/6*-1. Suppose -5*a + 132 = m. Suppose 5*k - 2*p - 65 = 42, -k + 5*p = -a. Is k a composite number?
True
Let s(g) = g**3 + 4*g**2 - g - 1. Let w be s(-4). Suppose -4*c = -3*f - 23, w*c - f - 11 = -0*f. Suppose 355 = c*a - 163. Is a a composite number?
True
Let a = 1451 - 818. Is a composite?
True
Suppose 10*u - 175308 + 25258 = 0. Is u prime?
False
Is (-12702)/(-14) + ((-12)/21)/2 a prime number?
True
Suppose 3*n + 2*x = 1741, -n - 5*x + 579 = -3*x. Is n composite?
True
Is ((21/(-2))/3)/((-25)/87350) a composite number?
True
Suppose 2*i = -4*w + 1776, i + 14*w - 16*w - 908 = 0. Is i composite?
True
Suppose 0*t - 18007 = -5*k - 2*t, -3611 = -k + 2*t. Is k composite?
True
Let z(x) = 32*x**2 - 5*x + 4. Let q be z(-5). Suppose 3*m = -3*u + 498, -4*m = -5*u - 8*m + q. Suppose 4*a + a - u = 0. Is a a prime number?
False
Let s(f) = -f**2 - 11*f + 5453. Let y be s(0). Suppose 7*j - 26334 = y. Is j composite?
True
Is 4/(-3) + ((-1708000)/30)/(-16) a prime number?
True
Let y = -20 + 22. Let t(o) = 78*o**3 + 4*o**2 + o - 1. Is t(y) composite?
False
Let j(w) = -w + 4. Let h be j(-3). Let l(v) be the second derivative of 11*v**3/2 + 2*v**2 + 2*v + 21. Is l(h) composite?
True
Let d be (-2)/3 + 252/54. Suppose 21602 = 10*b + d*b. Is b a composite number?
False
Suppose -4*s = -3*o + 448, 261 + 68 = -3*s + 4*o. Let w = s + 204. Let k = w + 228. Is k a prime number?
True
Suppose 0 = 5*b + 2*b - 19523. Is b a prime number?
True
Suppose 4*l = 5*f + 2180, -3*f + 0*l + l - 1301 = 0. Let b = 1311 + f. Is (b/12)/(2/8) a composite number?
False
Suppose 0 = -17*c - 26480 + 10041. Let o = 2078 + c. Is o a prime number?
False
Let c(g) = 3*g**3 + 2*g**2 - 5*g - 5. Let f(o) = -217*o**2 - 16 + 4*o - 3*o + 218*o**2 + 3*o. Let r be f(-7). Is c(r) composite?
True
Let c = 252556 + -158027. Is c composite?
False
Let h = 597 + -116. Suppose 12*l - h = 11*l. Is l prime?
False
Suppose -17*k = -13*k - 12. Suppose 0*r + 875 = r + 4*n, -5*n = -k*r + 2540. Let j = -412 + r. Is j prime?
True
Let f(m) = -m**2 - 6*m + 8. Let d be f(-7). Let u be -74*(d - (3 - 5)). Is -4 + (4 - (u - 1)) composite?
False
Is (6596/(-2))/17*166/(-4) composite?
True
Let w be 5/(-10) + 1 + 34/(-4). Let v(l) = l**2 - 8*l - 10. Is v(w) prime?
False
Suppose -2*q - 2*a + 3701 = -q, q + 5*a - 3716 = 0. Is q prime?
True
Suppose 3*q - 5*m - 14117 = 0, 2*q = 7*q - 4*m - 23511. Is q a composite number?
True
Is -7 - (8 - 22) - -28506 a composite number?
False
Let v be 1*2/3 + (-72249)/9. Let h = 11926 + v. Is h a prime number?
False
Let j(m) = -60*m + 5. Let g(b) = b - 2. Let z(f) = 6*g(f) + j(f). Suppose 0*c - 3*c = 21. Is z(c) composite?
True
Let g(r) = 361*r**2 - r + 1. Let l be g(-1). Let d be l + (2 + -2)/(-2). Suppose t + 4*b = 131, 0 = -3*t - 2*b - 0*b + d. Is t a composite number?
True
Suppose -4*p + 201 = -0*p + g, 4*p - 198 = -2*g. Suppose 6 = -4*u + u. Is (4/(-3))/(u/p) a prime number?
False
Suppose 0 = 2*y - 1726 - 3388. Is y a prime number?
True
Let d(h) = -h**3 + 28*h**2 + 36*h + 58. Is d(25) a prime number?
True
Suppose -v + 3*k = -86795, -15*v = -18*v - k + 260425. Is v a prime number?
False
Suppose 4*t - 6*t + 5153 = -k, 0 = t - 3*k - 2564. Is t a prime number?
True
Suppose 674*k - 677*k = -18363. Is k a composite number?
False
Let z(s) = 1315*s + 96. Is z(23) prime?
True
Let r be (-13136)/(-3) - 4/6. Let d = r - 2977. Suppose 4*y = -173 + d. Is y a composite number?
False
Let b(c) = -2*c**3 - 9*c + 6. Let w = 23 - 30. Is b(w) prime?
False
Suppose -8 = 3*v - 20. Suppose u = -3 - v. Let z(x) = -x**3 - 8*x**2 - 11*x - 9. Is z(u) a prime number?
True
Suppose 3224 = 2*m - 132. Let p = m - 1193. Is p a prime number?
False
Let a(f) = -f**3 - f**2 + f. Let t(c) = -2*c**3 + 8*c**2 + 3*c + 17. Let y(m) = a(m) + t(m). Is y(-7) composite?
False
Let j be (5/(-30)*-87)/(2/4). Let m = j - -50. Is m composite?
False
Let n(t) be the third derivative of t**6/120 + 7*t**5/60 + t**4/8 - 2*t**3/3 - 12*t**2. Let z(m) = -m**2 + 4*m + 6. Let b be z(6). Is n(b) a prime number?
False
Let d(z) = -29*z**2 + z + 5. Let m be d(-3). Let h = -131 - m. Let k = h + -91. Is k composite?
False
Let u = -21902 + 37863. Is u prime?
False
Let y(z) = -2*z**3 + 40*z**2 - 16*z - 5. Is y(17) composite?
True
Let s = 68 - 64. Suppose -78 = s*c - 2930. Is c prime?
False
Let b be 789/1*4/12. Suppose 5*p = b + 797. Suppose -4*v + 5*g = -p, 0*v + 3*g = 4*v - 212. Is v composite?
False
Suppose 271 = -13*v + 15*v - 5*n, 3*v - 420 = 3*n. Is v composite?
True
Suppose 3*d = 16*d - 16523. Is d prime?
False
Let o(u) = -u - 2. Let i be o(-4). Suppose 2*f + 3*z = 4*z + 226, 5*z = -i*f + 202. Is f composite?
True
Is (2838/18 + 4)*3 composite?
True
Let j(t) be the third derivative of 29/60*t**5 + 5*t**2 + 0 + 1/6*t**3 + 0*t - 1/8*t**4. Is j(2) a composite number?
True
Let y be (-1)/2*0/5*1. Suppose y = 3*t + c - 15774, t - 6*c = -11*c + 5272. Is t prime?
False
Suppose -7*l = -2*l. Suppose l = -2*v - v + 3*k - 12, -3*v - 5*k = -12. Let u(b) = -211*b**3 + b + 1. Is u(v) composite?
False
Let l(b) = 4*b - 1. Let f be l(3). Let q be ((-24)/16*1)/((-3)/12). Suppose -f*m + 2955 = -q*m. Is m a prime number?
False
Let n(f) = f + 1. Let x be n(2). Is (2 - 2 - 2721/x)/(-1) a prime number?
True
Let b(l) = 118*l**2 + 4*l - 6. Let u be b(4). Suppose 6*c - 4*c - u = 0. Is c composite?
True
Suppose 0 = 2*j + 582 - 2180. Is j a composite number?
True
Let m = 1794 + 2579. Is m a composite number?
False
Let h = 13 + -3. Let o = 133 - 135. Is ((-1 - o) + h)*29 a composite number?
True
Let s(a) = -a**3 - 6*a**2 + 4*a + 15. Is s(-18) prime?
False
Let s be 4/34 - (-73260)/85. Suppose s = 3*k - 1097. Is k a prime number?
True
Let c(h) = 147*h**2 + 44*h + 3. Is c(4) composite?
False
Suppose -44959 - 11727 = -14*j. Is j a prime number?
True
Let p(g) = 0 + 27*g - 5 - 1 + 1. Suppose 0 = -5*q + 9*q - 24. Is p(q) prime?
True
Suppose 9*l - 15112 = 377. Is l composite?
False
Let i(c) = 9*c**2 + 1. Let d be i(-3). Suppose -o + 2*o + d = 0. Let f = o - -159. Is f a prime number?
False
Let w = -3 - -7. Let o be (-19)/w + 6/(-24). Is 12*17 - (4 + o) prime?
False
Let i(r) = 2332*r**2 + 6*r + 7. Is i(-1) prime?
True
Suppose 4*i + i - q - 203674 = 0, 122203 = 3*i - 2*q. Is i a prime number?
False
Let q = 13 + -8. Suppose -13 = -4*p - y, 4*p + p - 35 = -q*y. Suppose -5*m - 4*l = -771, 5 = -3*l - p*l. Is m a prime number?
False
Suppose -2*t + 55 = -159. Let k = -75 + t. Let m = k - -1. Is m composite?
True
Let i be (-1)/(-2)*(6 + 0 + -4). Is (-11124)/(-7) - i/7 a composite number?
True
Let h(i) = 351*i**2 - 8*i + 39. Is h(10) a prime number?
True
Let m(a) = -a**3 - 11*a**2 - 